-48 - 27)?
-56
What is 17 - (2 - 0 - 2 - (-1012 - -961))?
-34
-1 + 1 - -20 - ((-8 - -42) + -25)
11
Calculate -24 + 31 + -21 - -2 - -7.
-5
What is (199 - 83) + (9 + (-9 - 9) - 9)?
98
What is -4 + -2 + -1 + (3 - -5) + (-67 - -5)?
-61
What is the value of 2 - (-45 - (-70 - 20))?
-43
Evaluate (26 - 27) + -16 + (2 - -35).
20
(11 - (5 - -4)) + -26 - -113
89
What is (2 - 2) + 1 + -15 - (106 - (94 + -77))?
-103
Evaluate -1 + 2 + (14 + -6 - 8) - -40 - -8.
49
What is (-36 - -43) + (-23 + 0 - ((-19 - -14) + 13))?
-24
What is 13 + 43 + -28 - (-22 + 31)?
19
5 - ((3 - -20) + -2 - (1 + 9))
-6
(0 - -5) + (60 - (-41 + 52 + -7))
61
Evaluate 8 + -21 - (-2 - -111 - (42 - 48)).
-128
What is -5 + (18 - 22) + 3 - -11?
5
What is 74 - (12 + (30 - 43))?
75
What is -29 + (-4 - -36) + (73 - 93) + -26?
-43
What is the value of 27 - 2 - (-37 + -3 - (-321 + 272))?
16
What is the value of 28 + -27 - (-130 + 205)?
-74
What is the value of -1 + 24 - (50 + (-26 - 10))?
9
Evaluate (2 - -1) + (-219 - -204) + -14 + -1.
-27
Evaluate 0 + 0 + -44 - (-7 + (-23 + 17 - -9)).
-40
What is the value of 32 + (-64 - -39 - 53)?
-46
Calculate -3 - -8 - -4 - (1254 + -1330).
85
What is -1903 - -1934 - (-3 + 37)?
-3
2380 + -2336 + 2 + 1 + -3 - (-9 + 13)
40
Evaluate 36 + -1 + 118 + (172 - 230).
95
(65 - 0) + (3993 - 4073)
-15
What is the value of -4 + (16 - 75 - (27 + (-5 - 4) + -6))?
-75
What is (-18 - (-53 - -21)) + -11 - -36?
39
What is the value of (26 - -7) + 21 - (13 - ((1 - 1) + 3))?
44
What is the value of 30 - (-11 - ((-37 - -24) + -4 - (-9 - -7)))?
26
Evaluate -3 + -20 - (-11 + -55 + 12).
31
What is -116 + -40 + 40 + -54 + 32?
-138
What is 1 - -6 - (-3 + -17 - (-212 + 239))?
54
Calculate (10 + 11 + -11 + -22 - -4 - -85) + -5.
72
Calculate (-710 - -680) + (-8 - (4 - 11) - 1).
-32
What is the value of -11 - (-25 + (15 - 22)) - 8 - 7?
6
What is the value of 30 - (14 - (-88 + 42))?
-30
What is the value of -3855 - -3959 - (65 - 1)?
40
10 + (0 - (6 + 15)) + 35
24
Evaluate -19 + 113 + -135 + 3.
-38
What is the value of -27 + (-26 - -53 - -9) - 0?
9
-10 + 21 + -15 + 7 + 1 + 0 + -57
-53
What is the value of -2 + -12 - (154 - (93 - -74))?
-1
Calculate -45 + 43 + -15 + 25.
8
22 + (-57 - -19) - -40
24
What is the value of 2 - (-54 + 63 + 34)?
-41
What is (22 - (-24 + 45 - (18 - 7))) + (-4 - -1)?
9
What is the value of -14 + (49 - -11) + (1 - (-19 - -5))?
61
Calculate 1 - 1 - (-7 - -1) - (-83 + 88 + 58).
-57
-86 + -51 + 193 + -129
-73
60 + -13 - (492 - 431)
-14
What is the value of (-3 - -9 - 30) + -71 + (-51 - -227)?
81
What is (2 - 19) + (-1 - 2) + (-17 + 38 - 14)?
-13
What is the value of -39 + -145 + 89 - -31?
-64
What is -3 + 2 - 17 - (-1156 + 1142)?
-4
What is the value of (9 - (24 - (-31 - -35))) + (1 - 10)?
-20
What is the value of (37 + (-27 - -7) - (0 - -28)) + -22?
-33
Calculate 124 + (-2 - 28 - (-698 - -694)).
98
Evaluate -4 + (-1 - -26 - (8 + -1)) + -4 + -48.
-38
What is (15 - -20) + (15 - (14 - -89))?
-53
Calculate (-4 - -1 - -2) + (12 - (213 + -48)) - -13.
-141
Evaluate (-2 - 30 - (324 + -330)) + 4.
-22
Calculate 38 + (-12 - (-14 - (2 - 8))).
34
-4 + 12 - (8 + 10 + -5 + -68 + -11)
74
What is the value of -12 + -2 + 8 - 3 - -69 - 12?
48
Evaluate -4004 - -4063 - (-7 + 0).
66
Calculate (18 + -5 - -17) + -15 - 13 - 40.
-38
What is the value of (7 - (16 + (2 - 18))) + 8 + -5?
10
Calculate -36 - (-55 + -43 + 70).
-8
What is the value of 21 + -38 + -72 + 61?
-28
What is (78 - -1 - 58) + -68 + -3?
-50
What is the value of (-7 - 10) + 91 + 4 - ((-1 - -1) + 1)?
77
Evaluate 4 - ((2 - 2) + -18) - (1875 - 1845).
-8
What is -21 - ((-20 - (-24 + 21)) + 13)?
-17
What is (-27 - -48) + (15 + -36 - 50)?
-50
Evaluate -45 + 66 + (-34 - 10).
-23
8 + (5 - (1 + 0)) - (-25 - (25 - 12))
50
What is -2 + 3 - (33 - (168 - 144))?
-8
Calculate (-9 - 184) + 80 + 34.
-79
What is the value of -26 + -1 - (-1185 + 1155)?
3
What is -87 - (-161 + 95) - -1?
-20
Calculate (-3 - (3 - 2 - 3)) + 43 + 19 + -69.
-8
What is the value of -6 + -33 - (16 + -41 + 15) - 5?
-34
Calculate (-8 - -2) + 2 + (150 - 145) - 39.
-38
1 + -48 + (-13 - -106 - 88)
-42
Evaluate 53 + -6 + -1 - (-2728 - -2691).
83
(-175 - -127) + -111 - -133
-26
What is 167 - (-270 - -400) - (-3 - 1)?
41
Evaluate 16 + -21 + (12 - (-11 - (3 - 6))).
15
What is -78 - (-4 - (-1 - -1) - (-108 - (-147 - -30)))?
-65
Evaluate -5 - (-67 - (-29 + 64 - 12)).
85
What is the value of 47 - 15 - (-62 - -50 - (1 + -9))?
36
What is -6 - ((-5 - 65) + 54)?
10
Calculate -57 - -117 - 19 - -22.
63
What is (-10 - -2 - (137 - 132)) + 40?
27
What is (15 - 3) + -2 - (-681 + 665)?
26
7 + (-5 + (23 - 15) - 7) - (1 - 40)
42
What is the value of 12 + -1 + -2 - (-1264 + 1284) - -15?
4
What is (-31 - (-144 - -77)) + -34?
2
Evaluate 56 - ((-5 - -24) + 34).
3
Calculate (11 - (10 - 3)) + -142 + 24 + 35.
-79
What is 1 - (53 - -7) - -98?
39
What is the value of 3 + (-18 - (13 + 5 - (-14 + 23)))?
-24
(-902 - -951) + (-1 - 3)
45
-44 + 7 + (-22 - -32) + -1 + -10
-38
9 + (-31 + 19 - -14) + -51
-40
What is 3939 + -3927 + (1 + -30 - (-4 - -4))?
-17
Evaluate -76 - ((-8 - -9) + 3 - (7 + -7 + 7)).
-73
What is the value of 18 - (-5 - (15 + -46)) - 31?
-39
What is 0 - 22 - -8 - (3 - (2 - -59))?
44
Calculate -29 - ((26 - -1) + -2603 + 2611).
-64
79 + -4 - ((-57 - -31) + 12) - (9 - 3)
83
(0 - 27) + 263 + -9 + -126
101
Evaluate 9 + (-21 - (6 - 12)) + -9.
-15
What is the value of (-3 - -1) + 118 - (4759 + -4735)?
92
Evaluate 9 - (-2 + 2) - (41 - ((2 - -13) + -3)).
-20
What is (-5 - (-2 + -42)) + (11 - 12 - -1) - 0?
39
What is 66 + (62 + -70 - 12)?
46
What is the value of 0 - -35 - (-2055 - -2085)?
5
-1 + 4 - 13 - (-6 - (18 + -60)) - -9
-37
Evaluate -4 - (11 + -16 + -88).
89
What is the value of -79 + 12 + 95 + (-4 + (-2 - -2) - 2)?
22
What is -74 - (-10 + 2 - -15 - -8) - -10?
-79
-2 + (10 - 10) + -49 + (4 - 18)
-65
Calculate 13 + (-108 - (17 - 25)).
-87
Evaluate -141 + (49 - -13) - -14.
-65
What is -5 + 9 + (-136 - -118 - (-76 + 4))?
58
4309 + -4368 - (2 - 92)
31
What is 3 + (12 - (-14 + 11) - 0) + (4 - 4)?
18
What is (25 - 22) + (0 - -4) + (-18 - (-10 + 19))?
-20
What is the value of (-67 - (-23 - 27)) + 16?
-1
What is 65 + -59 + (3 - 28) - (19 - 4)?
-34
178 + -240 - -46 - (63 + -2)
-77
126 - 37 - 79 - (-1 - 8 - 1)
20
64 + -36 + (8 - -7)
43
-5 + 0 + (11 - 6 - 13) + 51
38
Calculate 6 - (-10 - 2 - (31 - 42)) - 8.
-1
What is -68377 + 68376 + 1 + 0 + -33?
-33
What is -5 - -80 - 79 - -39?
35
What is -46 - (-33 + 3) - (31 + -6)?
-41
What is the value of 18 + -12 + -14 + 22 + 5 + -9 - 117?
-107
What is (-10 - (1 - 0)) + (40 + -3 - -17)?
43
19 - (-3 + (8 - 20) - -66)
-32
Evaluate 1 + 13 + 29 + 90 + -66 + (-6 - 1).
60
What is the value of 16 + 35 + -19 + -94?
-62
What is the value of 0 + -11 - (139 - 122) - (-4 - -11)?
-35
Calculate (-187 - -69) + 7 + -4 - -35.
-80
What is the value of 0 + -42 - (-19 - (-5 + 1 - (-190 - -212)))?
-49
Evaluate (-45 - (-2 - 38)) + -3 + 1.
-7
What is 28 + (-151 + 166 - (1 + 27))?
15
What is the value of (-535 - -523) + (2 + -2 - 2) - -46?
32
What is 72 + -84 + 41 + -18?
11
Evaluate (46 - 16 - -6 - 6) + (1 - 7).
24
8 - (128 - 68 - 13)
-39
Calculate 7 + 0 + 17 + (58 - (12 + 25)).
45
Evaluate -4 - (-16 - (-5 - ((-7 - 10) + -3))).
27
Evaluate 13 - (-21 - -20) - (3 + -1) - 6.
6
227 + -246 - (3 + -6)
-16
Calculate -101 - -55 - (-2 + (-20 - -1)).
-25
What is (-14 - -76 - 68) + (-7 - -8) + 73?
68
What is the value of -62 + (7 - (5 + (-11 - 3) + 33 + -9))?
-70
What is (8 + -18 - (-3 + 4 + -13)) + -39?
-37
-94 + 25 + -37 - (-1 + -6 + 0)
-99
What is -21 - (19 + (-33 - -6) - -21)?
-34
What is the value of -85 + 53 + 63 - 24?
7
(-110 + (1 - 3) + 3 - (-316 - -306)) + 4
-95
What is -8 + (24 - -85) + (56 - 90)?
67
Evaluate -4 - (13 + -8 + (-15 - -4)) - 0.
2
Calculate 114 + (9 - (-143 - -268)).
-2
What is (429 + -511 - (-1 - (5 - 1 - 0))) + 0?
-77
What is (-14 + 6 - (8 + -10) - -42) + -11?
25
What is (-3 - (-1 + -1)) + 9 - (-1367 + 1419)?
-44
Evaluate 7651 + -7791 - (-272 + 0).
132
Evaluate (2 - -3) + (-10 - 46) + 2 + 0 + -5.
-54
Evaluate (-97 - -108) + -9 + 14 - 78.
-62
139 + -126 + (-7 - -1) + 3 + -55
-45
-18 + -20 + 5 + -9 + 91 + -19
30
What is the value of -4 - (3 + -15) - (-4 - (8 + -36))?
-16
What is the value of (73 - 1) + -2132 + 2099 - 4?
35
Evaluate 172 + (-30 - 46) - 22.
74
What is 22 - 5 - (-41 -